 x(3). Let q = v + 11. What is the greatest common divisor of y and q?
1
Let w(r) = r**3 - 4*r**2 - 3*r + 10. Let m be w(5). What is the highest common divisor of 220 and m?
20
Let t = 49 - 26. Suppose 2*q = 7*y - 8*y + 137, 0 = 5*q - 3*y - 348. What is the greatest common divisor of q and t?
23
Suppose -229 = -2*b + 107. Calculate the greatest common divisor of 24 and b.
24
Suppose -150 = -2*a - a. Let u = -3 + 3. Let x = a + u. What is the highest common factor of x and 10?
10
Suppose -10*m = -163 + 33. Calculate the highest common factor of m and 221.
13
Let i(c) = c**2 + 4*c + 1. Let m be i(-4). What is the greatest common factor of m and 3?
1
Let f be -7*3/6*-2. Let y = -13 - -19. Suppose -2*w + y*w + 3*j - 19 = 0, j = 5. Calculate the highest common divisor of f and w.
1
Let o(h) = h**3 - h**2 - h + 4. Let j be o(0). Let p be 290/35 + 4/(-14). What is the highest common factor of j and p?
4
Let b(y) = y + 1. Let n be b(3). Suppose n*g = 3*g + 105. Let m = -42 + 57. Calculate the highest common divisor of g and m.
15
Suppose 2 = -d - 5*w, 1 = -d - 0*d - 4*w. Suppose 0 = 5*b - 5, 2*b - 637 = -d*o - 2*o. Suppose 2*x = o + 41. What is the highest common divisor of x and 14?
14
Suppose -5*v - 4*p - 5 = 0, v - 3*p = -5*p + 5. Let l be 1*v/(15/(-33)). Suppose -2*f - 1 = -3. What is the highest common factor of l and f?
1
Let s be ((-1)/3 + 1)*12. Suppose -9 = -b + 4*q, 3*b + 9 = -4*q + 4. Calculate the greatest common divisor of s and b.
1
Let m = 76 - 18. Let d = m + -30. Calculate the highest common divisor of 14 and d.
14
Let b(t) = 3*t**2 + 6*t + 7. Let s be b(-3). What is the highest common factor of 12 and s?
4
Let k(z) = -z**3 + 6*z**2 - 3*z - 1. Let x be k(4). Suppose -9*d = -1372 + 175. Calculate the greatest common divisor of d and x.
19
Suppose 2*x = 2*r + 130, 2*x + r = -2*x + 235. Let c(k) = 5*k - 1. Let m be c(5). Calculate the greatest common factor of m and x.
12
Suppose 2*q - 4 = -2*n, -2*n = q - 0*q - 7. Let m = 22 - n. What is the highest common factor of m and 17?
17
Suppose 0 = -4*r + 6*r - 180. Calculate the greatest common factor of 10 and r.
10
Let g be 1/3 + (-4)/(-6). Let q be 1/g + (-4 - -4). Let o be 33 - 1/(q + 0). Calculate the greatest common factor of 4 and o.
4
Suppose -3*k + 4*c + 94 = 0, k + 0*c - 31 = c. What is the greatest common divisor of k and 15?
15
Suppose 2*c - 16 - 24 = -4*z, 5*c - 3*z - 48 = 0. Suppose 0 = 5*j - 5*h - 655, 4*j - 530 = -2*h - 0*h. Calculate the greatest common divisor of c and j.
12
Suppose -g - 5*d + 32 = 0, 5*d + 69 = -4*g + 227. Calculate the greatest common divisor of g and 14.
14
Let n = 12 - 5. Suppose -3*t + 5*y - 196 = -n*t, 0 = 4*y - 16. What is the highest common divisor of t and 4?
4
Suppose 0*l + 10 = l - 3*g, 2*g = -l. Suppose 60 = d + l*d. Calculate the highest common factor of 96 and d.
12
Suppose -7*h - 272 = -9*h. What is the greatest common divisor of 17 and h?
17
Let f be (-10)/15 - 19/3. Let m = 12 + f. What is the greatest common factor of 25 and m?
5
Suppose -127 - 53 = -5*b. Suppose 26 = 2*k + 5*p - 28, -5*p + 81 = 3*k. Let j = k - 9. What is the highest common factor of b and j?
18
Let a(j) = -j**3 + 8*j**2 - 5*j - 15. Let k be a(6). Let g(z) = 2*z**3 - 5*z**2 - 5*z - 6. Let n be g(6). Calculate the greatest common divisor of n and k.
27
Suppose -4*p + 55 + 185 = 0. What is the greatest common factor of p and 20?
20
Let p(z) = -4*z + 14. Let h be p(-7). What is the greatest common factor of h and 21?
21
Let o(u) = 2*u**2 - 3*u + 4. Let m be o(6). Let n = -39 + m. What is the highest common divisor of 38 and n?
19
Let h = 25 + 222. Calculate the highest common factor of h and 13.
13
Let y(u) be the third derivative of u**6/120 - 2*u**5/15 + u**4/12 - u**3/2 + 4*u**2. Let h be y(9). What is the highest common divisor of h and 12?
12
Let f be 35/(((-1)/(-2))/((-2)/(-4))). Calculate the greatest common factor of f and 5.
5
Suppose -p + 12 = 8. Suppose 3*i = -3*b + 21, 0 = -2*i + p*b + 32. Calculate the greatest common divisor of 10 and i.
10
Suppose -5*r + 2 + 3 = 0. Let y(j) = j**2 - 21*j + 92. Let g be y(15). What is the greatest common divisor of r and g?
1
Let x be (-49 - 6)*(-2)/5. Suppose -82 = -5*j - x. Calculate the greatest common factor of j and 6.
6
Let q be (1 + 0)/(4/36). Let b = q - 5. Let n = -14 - -50. Calculate the greatest common factor of b and n.
4
Let j be 2/(((-16)/(-14))/4). Suppose -3*i - 8 = -j*i. Let u(z) = -3*z. Let q be u(-2). What is the greatest common factor of i and q?
2
Let c(o) = o - 2. Let v be c(4). Suppose -i = 5*b - 3*i - 15, 2*b - 3*i - 6 = 0. Suppose -13 = b*u - 67. Calculate the greatest common divisor of u and v.
2
Suppose 0 = -3*p - 30 - 33. Let k be (-14)/p*(0 - -18). Suppose 0 = 3*d - 28 + 4. Calculate the greatest common divisor of d and k.
4
Let i be 1/((-4)/(-14))*(-6 + 14). Let f = 4 + 0. Calculate the greatest common divisor of i and f.
4
Suppose b + 0*d - 5*d + 14 = 0, -b - 5*d = -36. Let m = 23 - b. Suppose -m - 1 = -j. What is the greatest common divisor of j and 117?
13
Let o = -10 - -20. Let v = 53 + -31. Suppose 0 = 2*k + 2 - v. What is the highest common divisor of o and k?
10
Let l be (9 - 2)*4/14. Let x be 9/l + 2/4. Suppose -x*n = -n - 136. What is the greatest common divisor of 17 and n?
17
Let m(a) = a**3 + 7*a**2 - a + 10. Let n = -9 - -2. Let p be m(n). What is the highest common factor of 153 and p?
17
Let w(x) = x - 20. Let h = 5 + -5. Let y be w(h). Let v = -11 - y. Calculate the highest common divisor of v and 3.
3
Let b(n) = -6*n + 12. Let p be b(-3). What is the highest common divisor of 20 and p?
10
Let x be (152/(-57))/((-1)/30). What is the highest common divisor of x and 20?
20
Suppose -4*o = -3*o - 44. Let q be (-6 - -3) + (-3 - -28). Let r = 0 + q. Calculate the greatest common factor of r and o.
22
Let m(c) = 11*c - 23. Let i be m(16). Suppose -68 = 3*g - 7*g. What is the greatest common divisor of g and i?
17
Let h = -12 + 18. Calculate the highest common divisor of h and 48.
6
Suppose 3*j = 2*m - 23, 0 = -m - 2*j - 5 - 1. Suppose -5*q - 37 = 2*l, 5*l - 5 = 15. Let w = -5 - q. What is the highest common factor of m and w?
4
Suppose -4*w + 2*a + a = -17, 4*a = 20. Suppose -5*b + 35 + 5 = 0. What is the highest common factor of b and w?
8
Suppose -3*d + 2 = n, -5*n + 9*n = 3*d + 38. What is the highest common divisor of 10 and n?
2
Suppose 5*l = 7*l - 42. Let f(t) = 2*t**3 - 2*t**2 + 3*t. Let y be f(2). Calculate the highest common factor of y and l.
7
Let r be (3 - -114)*6/18. Calculate the highest common divisor of r and 39.
39
Let v(d) = -d**3 - 1. Let t be v(-3). Let r = 30 - 58. Let w = r + 41. Calculate the greatest common divisor of t and w.
13
Let q(p) = -3*p + 1. Let j be q(-2). Let o be 4/(-14) - 814/(-7). Suppose 0 = 2*g - o - 10. What is the greatest common divisor of g and j?
7
Suppose -3 - 33 = -3*k. Suppose 41*u - 44*u = -144. Calculate the highest common divisor of u and k.
12
Let x be (-1*24)/(-2) - -1. Suppose 5*q = 107 - 577. Let d = -55 - q. What is the highest common divisor of d and x?
13
Let b(k) = 3*k. Let g be b(4). Suppose 30 = 4*a - 2*w, 3*a + 2*a + 4*w = 31. Let f = 15 - a. Calculate the highest common factor of g and f.
4
Suppose 5*p - x = 9, -4*p + p = 2*x + 5. Let m(y) = 8*y**2 - y + 1. Let w be m(p). Calculate the highest common factor of w and 8.
8
Let b = 36 + -15. Let g = b + -12. Calculate the greatest common divisor of 63 and g.
9
Let g be (-3 - (-5 - -1))*10. Calculate the greatest common factor of g and 90.
10
Suppose -2*h - 413 = -2*q - 3*q, 0 = -4*q - 4*h + 308. What is the greatest common divisor of 9 and q?
9
Let n be (-4 - (-7)/(-2))/((-2)/12). Let m be 5*1/5*36. Suppose -2*w - 3*z + 36 = -0*w, 0 = -2*w + z + m. What is the highest common divisor of w and n?
9
Let p = -2 + 6. Suppose 0 = 2*s + 4*w - 183 + 13, p*s - 332 = -4*w. Calculate the greatest common factor of s and 54.
27
Let u(f) = f**3 - 5*f**2 + 5*f + 3. Let k be u(4). What is the greatest common divisor of k and 35?
7
Suppose -3*c - s + 4 = s, 0 = 4*c + 5*s + 4. What is the greatest common divisor of c and 4?
4
Let j = 40 + -29. Let y(l) = -3*l**3 - 4*l**2 - 3*l + 1. Let r be y(-3). Suppose -r = -2*q - 3*q. What is the highest common divisor of j and q?
11
Suppose -4*g = 5 - 25. S